**5/20 - 11*f**4/12 - f**3/6 + 15*f**2/2 - 23*f. Determine j(11).
4
Let c = 277 + -283. Suppose -l - 2*l = -6. Let b(u) = -4*u - u**l - 4*u + 3*u - 3 + 6. Give b(c).
-3
Let p(c) = -4*c + 19. Let t be p(4). Let s(x) = t*x - 130*x**2 + 68*x**2 + 64*x**2 - 4*x. Suppose -4*y + 1 + 3 = 0. Determine s(y).
1
Let t(u) = u**3 - u**2 + u - 13. Let m(z) be the first derivative of 5*z**4/4 - 5*z**3/3 + 3*z**2 - 66*z + 1. Let h(f) = -2*m(f) + 11*t(f). Give h(0).
-11
Let q(b) = b**3 - 5*b**2 - 7*b + 5. Let s = 16 - 14. Let o be (s/4)/(8/(-16)). Let n = 7 + o. What is q(n)?
-1
Let f(h) = -12*h**2 + h + 1. Let g be f(-1). Let r be (g/(-15))/(4/10). Let n(y) = 1 - 5*y + r + y**2 + 1. Give n(4).
0
Let v(q) = q + 1. Suppose -2*x = 2*y + x - 20, -3*x + 32 = 5*y. Let s be (8/y)/(4/(-2)). Determine v(s).
0
Let k(a) = -6*a + 4 + 5*a**2 - a**2 - 5*a**2. Suppose 59*f - 50 = -345. Calculate k(f).
9
Let z(m) be the third derivative of 0 - 1/4*m**4 + 1/60*m**5 + 0*m + 15*m**2 - 4/3*m**3. What is z(7)?
-1
Let y(b) = b + 4. Suppose 7*d - 2*d - 2*h = 146, d - 19 = -3*h. Suppose -5*m + d = -3*m. Suppose -6*s + m = -8*s. Give y(s).
-3
Let g(l) = l - 11. Let q be g(5). Let r(f) be the first derivative of f**3/3 + 3*f**2 + 9*f - 15. What is r(q)?
9
Let m(u) = 3. Let f(b) = -11*b + 27. Let p(c) = 4*c - 9. Let s(x) = -3*f(x) - 8*p(x). Let z(o) = 8*m(o) + 3*s(o). Calculate z(3).
6
Suppose -m - 2 = 22*z - 26*z, 0 = -5*z - 5*m - 10. Let j(a) be the second derivative of 0 - 2/3*a**3 + 8*a + z*a**2. What is j(1)?
-4
Let a(c) = 4*c**2 + c. Let j(g) be the third derivative of g**4/24 - 2*g**3 - 2*g**2. Let s be j(11). Determine a(s).
3
Let n(f) = 326*f**3 + 15*f - 166*f**3 - 14*f - 165*f**3 + 1. Let q be (-3)/12 - (-10)/8. Let t be (3 - q) + 3*-1. Determine n(t).
5
Let f(s) = 7*s - 35 - 8*s + 48. What is f(9)?
4
Let f(h) = -503 - 511 + 8*h + 1012. What is f(3)?
22
Suppose -4*w - 2 = f + 14, 4*w + 16 = 0. Let g = f - 0. Let o(x) = 2*x + 10. Let v(y) = -y**2 + y - 1. Let l(i) = o(i) - v(i). What is l(g)?
11
Let j(a) = 10*a - 6. Let b(g) = 4*g - 2. Let c(s) = -8*b(s) + 3*j(s). Determine c(-5).
8
Let i be (1/(-2))/((-18)/(-108)) + -2. Let j(g) = 2*g**2 + 10*g + 1. Calculate j(i).
1
Let a(i) = -i**2 + i - 6. Suppose 3*j - 16 = o, j = -3*j - 5*o + 15. Suppose 6*w - 2*w = 4*k + 44, 5*k + j*w = -15. Let t be 1/3 - k/(-21). What is a(t)?
-6
Let f(z) = 6*z**2 + z - 2. Let t be 1/((14/4)/(-7)). Give f(t).
20
Let i(g) be the first derivative of -3*g**2/2 + 26*g + 401. Give i(7).
5
Let l(c) be the first derivative of -c**3/3 - c**2/2 - c + 13. Let d be (1/3)/(1/(-3)). Let t(m) = m**2 + m + 4. Let a(b) = d*t(b) - 3*l(b). Give a(-2).
3
Suppose -n - 5*m - 30 = 0, -3*m = 25*n - 28*n - 18. Let k(h) = -h - 17. Calculate k(n).
-7
Let u(b) = -b**3 + 5*b**2 - b - 1. Suppose -m = 3*y + 124, -y - m - 3*m = 56. Let l be ((-1)/1)/(-1*(-8)/y). Give u(l).
-6
Let a(h) = 50*h - 197. Let u be a(4). Let t(d) = 4*d - 1. What is t(u)?
11
Let h(q) = -2*q + 1. Let i(o) = o - 26. Let t be i(12). Let b be (t - -21)*(-2)/(-7). Give h(b).
-3
Let k be -3*((-15)/9 - 0). Let c(f) = -k + 4*f + 17*f**3 + 3*f**2 + 0*f - 18*f**3 + 3*f. Calculate c(4).
7
Suppose 0 = -0*h + 5*h - 70. Suppose -g - 7 = m - 3*m, -3*g + h = m. Let f(d) = 2*d**2 - 2 + m*d - d - d**2 + 0. Determine f(-4).
-2
Let h(m) = -3*m**2 - m**3 + 0*m**3 + 9*m + 10*m**2 - 8. Let f be h(8). Suppose f*y + 6 = 3*y. Let u(c) = c**2 - 4*c + 2. What is u(y)?
-2
Let h(g) be the first derivative of 2*g**3 - g**2/2 - 5*g - 20. Let s(a) = a**2 + a. Let w(z) = h(z) - 5*s(z). Calculate w(6).
-5
Let t = -723 - -718. Let l(c) be the first derivative of -c**2 + c - 2. Determine l(t).
11
Let y(u) = -u**3 + 3*u**2 - 3*u. Let q be 6 + -6 - (-8)/4. Suppose 0*r - r + q = 0. Determine y(r).
-2
Let p(r) = r**2 - 3*r - 1. Let w(o) = -o. Suppose 0 = 4*u + 3 + 13. Let m = u + 6. Let h be w(m). Give p(h).
9
Let m(i) be the first derivative of -i**4/12 - 5*i**3/6 - i**2/2 - 24*i + 41. Let n(r) be the first derivative of m(r). What is n(-3)?
5
Let s(d) = 3*d + 4. Let c(t) be the second derivative of t**3/3 + 5*t**2/2 - 5*t. Let p(o) = -4*c(o) + 5*s(o). Calculate p(1).
7
Suppose 5*g + 25 = 0, -3*n - 18*g + 20*g = 2. Let o(h) = -h**2 - h + 1. Let d(y) = 7*y**2 + 11*y - 2. Let q(f) = d(f) + 6*o(f). What is q(n)?
0
Let h(x) = 1061*x + x**2 - 1061*x - 4*x**3. Let y be 3/((-9)/6) - -13. Let a = y - 12. Calculate h(a).
5
Suppose n + 13 = -5*s, 7 = -4*n + 4*s - 9*s. Suppose 0*g - 5*g = 3*i + 20, n*g - 23 = 5*i. Let x(r) = r**3 + 5*r**2 - r - 4. Give x(i).
1
Suppose 4*r + 3*g = 20 - 39, -3*g - 12 = -3*r. Let q(o) = 3*o + 0*o - 2*o - 18*o**3. Calculate q(r).
17
Let i(m) be the first derivative of m**4/4 + 2*m**3 + 3*m**2/2 - 3*m - 45. Calculate i(-3).
15
Let j(d) = 3*d - 3. Suppose f + 6 = -t, f + 0 - 8 = t. Determine j(t).
-24
Let z(c) be the third derivative of 7/6*c**3 + 1/8*c**4 + 0 + 7*c**2 - 1/120*c**6 + 0*c + 1/12*c**5. Calculate z(6).
-11
Let y(q) = -2*q + 8. Let n be 8/(-4) + -4 + 8. Suppose n*x = 9*x - 35. Let d be y(x). Let f(p) = 2*p**3 + 3*p**2 + p + 1. Give f(d).
-5
Let j(p) = -6*p**2 - 12*p + 3. Let l be j(-2). Let w(d) = -d**2 + 5*d - 4. Determine w(l).
2
Let o = 207 - 207. Let k(a) be the third derivative of 0*a + o - 5*a**2 + 0*a**3 + 1/12*a**5 - 1/120*a**6 - 1/24*a**4. Give k(5).
-5
Let q(z) = -z + 17. Let d = 49 + -49. What is q(d)?
17
Let t be 5 - (-3)/(-6)*(1 + -3). Let c(w) = w**3 + 5*w**2 - 3*w - 5. Let m(q) = -2*q**3 - 4*q**2 + 2*q + 5. Let i(h) = -3*c(h) - 2*m(h). Calculate i(t).
-1
Suppose 4*r - 2 = -14. Let t(y) be the first derivative of y**4 - 5*y**2/2 + y - 43. Let o(h) = -3*h**3 - h**2 + 4*h. Let f(x) = 3*o(x) + 2*t(x). Give f(r).
-4
Let d = -194 - -188. Let o(v) = -v - 16. Give o(d).
-10
Suppose 2*s = -0*s - 6. Let d(v) = -v**3 - 2*v**2 + 2*v + 1. Let r be d(s). Suppose 3*j - 9 = 0, r*o + 3*j - 19 = 2*o. Let h(b) = -b**2 + 5*b + 3. Give h(o).
3
Let q(k) be the second derivative of 0 - 1/2*k**4 + 1/20*k**5 - k**3 - 9/2*k**2 - 3*k. What is q(7)?
-2
Let t(p) be the second derivative of -p**5/20 + p**4/3 - 2*p**2 + p. Suppose -15*b + 4 + 56 = 0. Calculate t(b).
-4
Let j(r) be the second derivative of -2*r**5/5 + r**4/6 - r**3/3 + r**2/2 + r. Let h(x) = -2*x + 31. Let g be h(15). Calculate j(g).
-7
Let v(r) = -9*r + 15*r - 5*r. Determine v(-1).
-1
Let q(u) = u**3 + 19*u**2 + 18*u - 14. Let b be -123 + 106 + (4 - 2)/(-2). Determine q(b).
-14
Let q(v) be the second derivative of v**3/3 - v**2/2 - 154*v. Let u be 2*-1 + (1 - 1). What is q(u)?
-5
Let l(m) = 2 + 67*m + 62*m - 126*m. What is l(-2)?
-4
Suppose -g = -11*g. Suppose -7*w - 51 + 9 = g. Let i(j) = -2*j. Determine i(w).
12
Let o(z) = -z**3 + 15*z**2 - 4 - 3*z**2 + 16*z - 5*z**2 + 1 - 6*z. Give o(8).
13
Suppose 5*s + 12 = 3*u, s + u - 4 = -0*u. Suppose -w + 2 = s, 3*d - 5*w + 2 = -8. Suppose d*p - 5*p - 10 = 0. Let n(z) = z**2 + z + 2. Calculate n(p).
4
Let s = 5530 - 5522. Let i(g) be the second derivative of -g**4/12 + 7*g**3/6 + 2*g**2 - g. Give i(s).
-4
Let j(g) = -11*g**2 - 2 - 4*g - 20*g**2 + 27*g**2. What is j(-2)?
-10
Let l(h) = h - 13. Let y be (0*-1*1/2)/(-2). Calculate l(y).
-13
Let u(s) be the second derivative of -s**5/20 - s**4/6 + s**3/2 - 2*s**2 + 66*s. Calculate u(-3).
-4
Let d(j) be the second derivative of j**4/12 - 4*j**3/3 + 3*j**2/2 + j. Suppose 953 - 457 = 62*m. Calculate d(m).
3
Let r(t) = -t**2 + 16*t - 34. Let j be r(14). Let o be 2/j - (-64)/12. Let q(z) = -2*z - o*z + 4*z + 2. Give q(3).
-7
Let v(r) = 4 + 0*r + 2*r - r + 1 - r**2 - 4. Suppose 2*w + 11 = 3*w - 4*b, 2*w = -2*b - 8. What is v(w)?
-1
Let q = 0 + 3. Let i(c) be the third derivative of -c**5/60 - c**3/3 - 223*c**2 + 2. Give i(q).
-11
Let m(o) = -4 + 6 - 3*o + 2*o. Let q = 46 + -26. Suppose 0 = 8*y - 3*y - q. Calculate m(y).
-2
Let r(j) be the first derivative of -7*j**2 - 3*j + 150. What is r(-2)?
25
Let w be ((-1)/(-3) - 1)*3/(-1). Let l be 279/(-99) - w/11. Let r(a) = -a. Determine r(l).
3
Let b(r) = r - 10. Suppose -249*d + 254*d = 0. Determine b(d).
-10
Let a(p) be the first derivative of -2*p**2 + p - 161. Calculate a(6).
-23
Let z(o) = 2*o + 2. Let x be z(3). Let i(q) = -38 + 4 + 3*q**2 - 2*q**2 - 8*q + 26. Determine i(x).
-8
Let g(p) = -3*p + 7. Let x(t) = 4*t - 41. Let k be x(11). Give g(k).
-2
Let k(o) = 7*o**3 + 14*o**2 + 